2*u, -35 = -5*t - u. What is the remainder when 39 is divided by w(t)?
11
Let y = -10297 + 11562. What is the remainder when y is divided by 22?
11
Let j(z) = z**2 + 13*z - 82. What is the remainder when 100 is divided by j(-21)?
14
Let p = -5352 - -5373. Calculate the remainder when 192 is divided by p.
3
Let p = -29834 + 32101. Calculate the remainder when p is divided by 126.
125
Suppose -11*f - 4*y + 676 = -7*f, 4*f - 2*y - 718 = 0. What is the remainder when f is divided by 50?
26
Calculate the remainder when 1328 is divided by (58/8)/(17 - (-2430)/(-144)).
52
Let y(a) = 4*a**3 + 34*a**2 + 13*a + 9. What is the remainder when 855 is divided by y(-8)?
30
Suppose p + 21 = 4. Let l(z) = 18*z + 315. Calculate the remainder when 41 is divided by l(p).
5
Suppose -5*j + 4 = -6, -5*j = 5*y - 100. Let q be (-430)/(-30) + ((-4)/3 - -1). Calculate the remainder when y is divided by (-32)/(-3) - (-4 - q/(-3)).
8
Calculate the remainder when 1982 is divided by -2 + (0 - (-16)/12) + (-5805)/(-81).
65
Let q(o) = -120*o + 782. Calculate the remainder when q(6) is divided by 31.
0
Let n(q) = 32 + 0*q + 4*q - 9 + 31. Calculate the remainder when 389 is divided by n(6).
77
Suppose -48*l - 38*l = -26*l - 5880. Calculate the remainder when 6952 is divided by l.
92
Let t(n) = 17 - 21 - 6 + 6*n. Let i be t(4). Suppose -174 = 11*w - i*w. What is the remainder when w is divided by 20?
18
Suppose -2830*m - 16524 = -2884*m. What is the remainder when 23559 is divided by m?
303
Suppose 13*u = 92 - 40. Calculate the remainder when 34 is divided by (8/u)/2 - (3 - 8).
4
Let z = 1726 - 1668. Calculate the remainder when 66 is divided by z.
8
Suppose -3*y - 13 = 4*z, 3*y + 26 = 5*z - 32. What is the remainder when 70 is divided by 4264/143 + (-2)/y?
10
Suppose 4*c - 20 = 0, 2*l + 4*c = c + 171. Suppose -5*u + 203 = l. What is the remainder when (-164)/(-2) + -4 + -5 is divided by u?
23
Let t(b) = 29*b + 290. Calculate the remainder when t(5) is divided by 110.
105
Let c(z) = 5*z + 12*z - 52 - 23*z + 166. What is the remainder when 50 is divided by c(18)?
2
Let t = 2630 + 5923. Calculate the remainder when t is divided by 124.
121
Suppose 31*q = 34*q - 6*l - 354, 0 = -4*q - 2*l + 462. Let x(g) = -g + 18. What is the remainder when q is divided by x(8)?
6
What is the remainder when ((-2 - -6 - 8)/(-6))/(1/273) is divided by 51?
29
Let r(k) = -3*k**2 - 4*k + 4. Let a be r(1). Let u = -71 + 125. Calculate the remainder when u is divided by -4*(a - 3/6).
12
Let o = -5143 - -5167. What is the remainder when 6599 is divided by o?
23
Suppose -2*r = -0*r - 3*i - 34, -r = -3*i - 20. Suppose 0 = 5*y + 4*d - 13, 6*y - 2*y + 5*d = r. What is the remainder when 46 is divided by ((-10)/(-2))/y - 0?
1
Let f = 451 - 149. Let m be (-12)/(-32) + 20/32. Calculate the remainder when f is divided by ((3 - 9) + 67)/m.
58
Suppose -2*g = 2*o + o + 1, 4*g + 5*o - 3 = 0. Let b(r) = 4*r**2 - 20*r - 5. Calculate the remainder when 150 is divided by b(g).
48
Let f = -21636 - -24735. What is the remainder when f is divided by 18?
3
Suppose -r + 5*l + 120 = 0, 2*l + 176 = 2*r - 8. What is the remainder when 599 is divided by r?
4
Let f(d) = -9*d + 17. Let b be f(2). Let j be (-10)/(-4)*(0 + b + 3). What is the remainder when 16 is divided by j/(-15) - (57/(-9) + -2)?
0
Let z(f) = -23*f - 4. Suppose -2417 + 1237 = -10*u. Calculate the remainder when u is divided by z(-3).
53
Suppose -51*i + 2604 = -53*i. Calculate the remainder when -8 + i/(-35) + (-2)/10 is divided by 5.
4
Let t be 130/(-33) - 4/66. Calculate the remainder when 96 is divided by 6/(t + (-70)/(-15)).
6
Let q be (6/(-9))/((-5)/30). Let g = 67 + -58. Suppose 61 = q*v - 3*j, v + 2*j + 2 = g. What is the remainder when 63 is divided by v?
11
Let g = 140 + -88. What is the remainder when 79 is divided by (-78)/g*(-2 + (-4)/(-6))?
1
Let p be 69*(1/3 - (-6)/(-9)). Let v(q) = -q - 9. Let c be v(-5). Let z = c - p. Calculate the remainder when z is divided by 10.
9
Let g be (13 + 1)*-1*90/21. Let n = 110 + g. Suppose -8*f - 11 = -219. What is the remainder when n is divided by f?
24
Let j be ((-22)/(-55))/(2/15*-3). Let n(f) = -53*f**3 + 4*f**2 + f - 2. What is the remainder when n(j) is divided by 7?
5
Let t(m) = 32*m - 3. Let q be t(1). Let o = q + -15. Suppose -13*z - 9 = -o*z. What is the remainder when 60 is divided by z?
6
Let b(y) = 6*y**2 - 17*y - 49. Let w be b(12). Let q = w + -555. What is the remainder when 179 is divided by q?
11
Let h(p) = -13*p**2 - 113*p - 94. Calculate the remainder when h(-6) is divided by 1.
0
Suppose 2*o = 5*o - 4*h - 103, 0 = 3*o + h - 113. Suppose -340 = o*j - 47*j. Calculate the remainder when j is divided by 22.
12
Let n(h) be the first derivative of -h**4/4 + 11*h**3/3 + h**2 - 15*h - 62. Calculate the remainder when n(10) is divided by 22.
17
Suppose -3*w = -1 - 50. Calculate the remainder when -9*(114/(-9) + -14)*1/4 is divided by w.
9
Let c = -18 - -38. Let w(t) = -2*t + 43. Let f be w(c). Calculate the remainder when 48 is divided by 103/4 + ((-9)/(-12))/f.
22
Suppose 2*s - 4*x - 2 = 0, 0 = 3*x + 6. Let n(a) = 4*a**2 + 9*a + 6. Calculate the remainder when 27 is divided by n(s).
12
Calculate the remainder when 252/49 + -5 + 1048/14 is divided by (-1)/(129/33 - 4).
9
Let z(w) = w**3 + 7*w**2 - 30*w + 140. Calculate the remainder when 1697 is divided by z(-10).
17
Let p(a) be the third derivative of -a**5/60 - a**4 - 19*a**3/2 - a**2 - 149. Calculate the remainder when 23 is divided by p(-3).
5
Let s(h) = -h**2 - 14*h - 34. Let q = -419 - -414. Calculate the remainder when ((-93)/(-12))/(1/4) is divided by s(q).
9
Let q(s) = -2*s + 25. Let c be q(10). Suppose c*k - p - 106 = 0, 4*k - 3*p - 81 = 6. What is the remainder when 64 is divided by k?
1
Suppose 0 = -0*k + k - 3*o - 1317, 5*o = -3*k + 3993. Suppose 22*r + 248 = k. What is the remainder when 80 is divided by r?
31
Suppose -4*q = -j - 11, -3 = 5*q - 3*j - 15. Suppose -q*m + 376 = 5*x, -3*m + 221 = 3*x - 145. Calculate the remainder when m is divided by 17.
15
Suppose -566 = -3*y + 2380. Let d = y - 560. Let u = d - 291. What is the remainder when u is divided by 46?
39
Suppose 1 + 3 = 2*h - 4*n, 0 = 3*h + 5*n + 16. What is the remainder when 600/9 - 4/6 is divided by h/(-4)*-6*(-17)/3?
15
What is the remainder when 514 is divided by 245/5 - -5 - -14?
38
Let t = 92 - 87. Suppose t*b = 7*b - 50. Suppose 21*l = b*l - 448. What is the remainder when l is divided by 38?
36
Suppose 0 = k - 2*k + 6. Suppose r + 110 = k*r. Suppose o - 3*d = -2*d + 22, o - r = 4*d. Calculate the remainder when 64 is divided by o.
20
Let v(h) = h**3 + 109*h**2 - 571*h - 86. What is the remainder when 1790 is divided by v(-114)?
26
Let k = -19238 - -20086. Calculate the remainder when k is divided by 7.
1
Let x(b) = -b**2 + 24*b - 66. Let c be 2/11 + (-1552)/(-176). Suppose -d = k - c - 29, 4*d - 185 = -5*k. What is the remainder when x(8) is divided by k?
29
Suppose -161 = -15*q + 1046 + 338. What is the remainder when q is divided by 94?
9
Suppose -2*b + 8*b = 138. Let g = -7505 + 7558. What is the remainder when g is divided by b?
7
Let d(f) = -12*f**2 + 2*f - 15. Let m(w) = 13*w**2 - 2*w + 15. Let n(t) = -6*d(t) - 5*m(t). Calculate the remainder when 55 is divided by n(0).
10
Let y = -29310 + 29477. What is the remainder when 22377 is divided by y?
166
Let n = -6217 - -6314. What is the remainder when 492 is divided by n?
7
Suppose 335*o - 2*k - 5871 = 332*o, o + 4*k = 1929. What is the remainder when o is divided by 2?
1
Suppose 17*p - 20*p + 81 = 3*r, -4*p + 5*r = -81. Let u = 8 - 3. Suppose u*h = 4*o + 25, 4*h - 23 = 2*h - o. Calculate the remainder when p is divided by h.
6
Suppose -109*t + 111*t = 3*a + 32734, 5*t = 2*a + 81802. What is the remainder when t is divided by 202?
198
Suppose -78 = -3*l - 3. Let u = -135 + 37. Let g = 144 + u. Calculate the remainder when g is divided by l.
21
Let i = 25 + -3. Let q(f) be the first derivative of f**4/4 - 11*f**3/3 - 7*f**2/2 + 4*f + 91. Calculate the remainder when q(12) is divided by i.
20
Let v be (88 - 0)*14/4. Suppose 0 = o - a - 100, -6*o = -3*o + a - v. Suppose -5*w + 20 = 0, -2*m = -m + 2*w - 43. What is the remainder when o is divided by m?
32
Suppose -4*q - 95 = 4*l - 3019, -2*l = -5*q + 3669. Let t = q + -